 6*k - 3. Suppose -4*j - 4 - 2 = -2*h, 12 = -3*j. Let y be n(h). Let p = 98 - 85. What is the highest common divisor of y and p?
13
Let f = -119 - -121. Suppose 4*p - 436 = -f*o, 0 = 5*o + 11 - 1. Suppose -3*n = -0*n - 30. Calculate the highest common divisor of n and p.
10
Suppose 1296*f - 1452*f = -95004. What is the greatest common factor of 1 and f?
1
Let x be 1856/(-62176) - 10858/(-134). Calculate the greatest common factor of x and 29160.
81
Let g(o) = -14*o**2 + 119*o - 28. Let c be g(6). Calculate the greatest common factor of c and 112.
14
Suppose 0*z = 4*q + 2*z - 1106, -q + 4*z = -263. Let f = 434 - q. Suppose 5*h + 59 = f. Calculate the greatest common factor of h and 4.
4
Let l be 1/(-2) - ((-2)/(-11) - 8325/4950). Let z(m) = -m**3 - 8*m**2 - 2*m - 8. Let j be z(-8). Calculate the highest common factor of l and j.
1
Let p = 35 + 31. Suppose 5*w = 3*g - 251, -4*g - w = -2*g - 163. Let h = g - p. Calculate the greatest common factor of h and 4.
4
Suppose 1193 = 3*y + 4*s - 440, 5*s - 2725 = -5*y. Let z = 1003 - y. What is the greatest common divisor of 24 and z?
24
Let f(c) = 19*c**2 - 2*c + 2. Let t be f(2). Let l = -15 + 1421. Calculate the greatest common divisor of t and l.
74
Suppose 361584 = 1915*q - 1672*q. Calculate the highest common divisor of q and 112.
16
Suppose -3*x + 3*u + 1260 = 0, 4*x + 165 - 1838 = 5*u. What is the greatest common divisor of 1525 and x?
61
Let v = -6832 + 10966. Calculate the highest common factor of v and 13.
13
Let o(s) = s**2 - 3*s - 3. Let u be o(5). Suppose -2*w - 14 = -2*k, -3*k - 5*w = -u*w - 24. Calculate the greatest common divisor of 8 and k.
2
Suppose -23*t - 15 = -153. Let h(p) = p**2 + 4*p - 18. Let g be h(t). Calculate the greatest common factor of g and 210.
42
Let c(u) = 2*u**2 - 108*u - 209. Let a be c(58). Suppose 75*q = 74*q + 204. Calculate the highest common divisor of q and a.
51
Let r(q) = 33*q**2 - 16*q + 12. Let t be r(-6). Suppose -48*j + 42*j = -t. Calculate the greatest common factor of j and 54.
54
Let s be (1/(-2))/((-1)/(-122)). Let q = 239 + -342. Let p = s - q. What is the greatest common divisor of 84 and p?
42
Let j = -137 - -280. Let z be -3 + (-45)/(-9) + 29 + 2. What is the greatest common factor of j and z?
11
Suppose 0 = -14*d + 12*d + 13*y + 19075, -5*y - 28656 = -3*d. What is the highest common factor of d and 114?
19
Suppose w = 7*w - 360. Let u be ((-1)/3 + 4)*42/(-2). Let y = 101 + u. What is the greatest common divisor of w and y?
12
Suppose 6*a - 8170 - 2162 = 0. Calculate the highest common divisor of a and 168.
42
Let h be 4*4617/(-54)*(210/4)/(-7). What is the highest common divisor of 95 and h?
95
Let x = 325 - 321. Suppose -x*p + 185 = c, -p - 2*c - 2 + 57 = 0. Calculate the greatest common divisor of 18 and p.
9
Let w be (-3 - -4)*(6 - (5 + 3)). Let o be (46 - w) + (-7 - -1). Let n(f) = -11*f + 1. Let x be n(-5). What is the highest common divisor of o and x?
14
Let w(d) = 4*d + 9*d**2 - 13*d**2 + 18 + 5*d**2. Let i be w(-8). What is the highest common divisor of 30 and i?
10
Suppose -2*g = -g - 3. Let f(r) = 3*r**3 + 3*r**2 - 3*r - 3. Let x be f(g). Let h = -53 + 77. What is the greatest common divisor of x and h?
24
Let k be (-13)/(-3)*3 + -3. Suppose -k = z - 16. Let d be z*-1*174/(-36). Calculate the highest common factor of d and 29.
29
Suppose 32*r = 39*r - 168. Let p be r*-1*(-12)/9*1. What is the greatest common divisor of 128 and p?
32
Let g = -3812 + 3839. Let m(p) be the first derivative of -p**2/2 - 1. Let k be m(-9). Calculate the greatest common factor of k and g.
9
Let k = 5823 - 5375. Calculate the highest common factor of k and 294.
14
Suppose -2*p + 12*z - 15*z - 189 = 0, 0 = -3*p + 5*z - 293. Let q = -88 - p. Calculate the greatest common divisor of 26 and q.
2
Let w = -32 + 46. Suppose -2*i + 3 = -i. Suppose 5*k + w = r, i*k = -5*r + 2*k + 148. Calculate the highest common factor of r and 232.
29
Let d be ((-168)/5)/(4/(-8)*4/250). Calculate the greatest common factor of 75 and d.
75
Suppose 278 = 5*x - 2*k, -2*k - 134 = -x - 80. What is the greatest common divisor of 1295 and x?
7
Let c be (42/9)/(24/(-36)). Let q = c - -33. Let v(x) = -13*x**3. Let l be v(-2). What is the greatest common factor of q and l?
26
Suppose 12*l - 36 = 8*l. Suppose 3*m - 12 = l. Suppose 0*v = m*v - 448. Calculate the greatest common factor of v and 16.
16
Let q = 172 + -473. Let l = q - -346. What is the highest common factor of l and 18?
9
Let u(t) = t**3 - 122*t**2 + 248*t + 461. Let f be u(120). Calculate the highest common factor of f and 2.
1
Let m be ((-2)/((-1)/((-6)/(-4))))/((-4272)/(-2848)). What is the greatest common divisor of 4428 and m?
2
Let b(y) = y**2 - 9*y + 132. Let u be b(0). Suppose 130*n + 56 = u*n. Calculate the greatest common divisor of n and 154.
14
Suppose 0 = 2*z - d - 5, 27*z - 24*z = d + 7. What is the highest common factor of 242 and z?
2
Let u = -13863 + 14169. Let f be (-4)/10 - 48/(-20). Suppose 102 = r + f*r. What is the greatest common divisor of u and r?
34
Suppose -47*a + 19001 + 9115 = -36*a. Calculate the highest common divisor of 27 and a.
9
Suppose 7*b - 50 = 20. Let o be b/(-4)*3*2. Let v be ((-31)/2 + -1)*30/o. What is the highest common divisor of 77 and v?
11
Let a(o) = 67 + 12*o - o**3 - 4*o**2 - 41 - 51 + 0*o**3. Let s be a(-7). Calculate the highest common divisor of s and 133.
19
Let u(r) = 25*r - 9. Let t(j) = 101*j - 33. Let d(h) = -2*t(h) + 9*u(h). Let i be d(1). Calculate the highest common divisor of i and 184.
8
Suppose -4*u = -5*v + 95, 5*v - 5*u - 12 = 83. Let m(d) = d**3 - 20*d**2 + 19*d + 44. Let k be m(v). What is the highest common divisor of 407 and k?
11
Suppose 813*p + 29939 = 98231. Calculate the highest common factor of p and 2982.
42
Let s be 12432/111 - (24/(-3))/(-2). What is the greatest common factor of s and 1026?
54
Suppose -5350 = -10*p - 104970. Let x be 5/((-325)/(-10)) - p/(-26). Let i = x - -537. Calculate the greatest common factor of 14 and i.
14
Suppose 363*c - 336*c + 15761 = 89417. What is the highest common divisor of c and 968?
88
Let l = 320 - 313. Let b be 278 - (l + (-18)/2). What is the greatest common divisor of 70 and b?
70
Let s(j) be the third derivative of -j**4/12 - 5*j**3/2 - 8*j**2. Let g be s(-7). Let y be g/((-5)/(-35))*-3. Calculate the greatest common factor of 14 and y.
7
Suppose 2*z = -k + 22, -4*k + z + 2*z + 121 = 0. Calculate the greatest common divisor of k and 2086.
14
Suppose -1905*t + 1944*t - 2691 = 0. Let y = 188 + -27. Calculate the highest common factor of y and t.
23
Let x be (-3 - 1)/((-10)/65). Let f be (1*(-39)/4)/((-251)/(-36) - 7). Calculate the greatest common factor of f and x.
13
Suppose -n + 4*m + 77 = 0, 2*n - 10*m - 154 = -15*m. Suppose 0 = -s + 10 - 3. What is the greatest common divisor of n and s?
7
Let p(o) = -o**3 - 2*o**2 + 2*o + 5. Let z be p(-3). Suppose -z*m - 27 = -11*m. Suppose 38*r - 5544 = -18*r. What is the greatest common divisor of r and m?
9
Let d be 2*((-92)/(-8) + 1 - 4). Let z = 28 + d. Suppose c = 6*c - z. Calculate the highest common divisor of c and 18.
9
Let v(z) = 10*z**2 + 2. Let s be v(1). Let p(l) = -l**3 - 42*l**2 + 6*l + 272. Let j be p(-42). Calculate the greatest common divisor of j and s.
4
Suppose 7*m = 137 - 25. Suppose -363 - 21 = -m*j. What is the greatest common divisor of j and 408?
24
Suppose 29*y + 11*y = -720. Let g(v) = -v**3 - 15*v**2 + 38*v - 13. Let p be g(y). Calculate the highest common divisor of 165 and p.
55
Let k = -836 - -941. What is the greatest common factor of 510 and k?
15
Suppose -4*m = -4*g + 15640 + 1568, 5*m + 12904 = 3*g. What is the greatest common divisor of g and 13?
13
Let h = -10 - -13. Suppose -3*x = n + 109, 0*n = -3*x + h*n - 93. Let z = 47 + x. What is the highest common divisor of 30 and z?
6
Suppose 3 = g - 17. Suppose -5*m + 19 = 9. Suppose -2*n = m*n - 8. What is the highest common divisor of n and g?
2
Suppose -38*i + 40053 - 5753 = 207*i. Calculate the highest common factor of 320 and i.
20
Suppose -8 = -2*x, 0 = 3*n - x - 200 - 555. Let s = 264 - n. Calculate the greatest common factor of 33 and s.
11
Let v = -3360 - -3381. Calculate the greatest common factor of v and 175.
7
Let x = 1169 + -696. Let k(z) = -z + 89. Let y be k(46). Calculat